{"id":46,"date":"2021-07-07T00:42:21","date_gmt":"2021-07-07T00:42:21","guid":{"rendered":"http:\/\/msmlondon.co.uk\/?page_id=46"},"modified":"2021-07-07T00:42:46","modified_gmt":"2021-07-07T00:42:46","slug":"turkish","status":"publish","type":"page","link":"https:\/\/msmlondon.co.uk\/index.php\/turkish\/","title":{"rendered":"TURKISH"},"content":{"rendered":"<p>[vc_row rt_row_background_width=&#8221;fullwidth&#8221; rt_row_content_width=&#8221;default&#8221; rt_row_style=&#8221;default-style&#8221; rt_row_height=&#8221;&#8221; rt_column_gaps=&#8221;&#8221; rt_row_shadows=&#8221;&#8221; rt_row_borders=&#8221;&#8221; rt_bg_effect=&#8221;classic&#8221; rt_bg_image_repeat=&#8221;repeat&#8221; rt_bg_size=&#8221;cover&#8221; rt_bg_position=&#8221;right top&#8221; rt_bg_attachment=&#8221;scroll&#8221; rt_bg_layer=&#8221;&#8221; rt_bg_video_format=&#8221;self-hosted&#8221;][vc_column rt_bg_effect=&#8221;classic&#8221; rt_bg_image_repeat=&#8221;repeat&#8221; rt_bg_size=&#8221;auto auto&#8221; rt_bg_position=&#8221;right top&#8221; rt_bg_attachment=&#8221;scroll&#8221;][vc_column_text]<strong>Hakk\u0131m\u0131zda<\/strong><\/p>\n<p>Ge\u00e7mi\u015ften bu g\u00fcne insan ihtiya\u00e7lar\u0131n\u0131n kesintisiz kar\u015f\u0131lanmas\u0131 gereken bir d\u00fcnyada, artan ihtiya\u00e7larla birlikte geli\u015fen ve aktif olarak kullan\u0131lan yal\u0131t\u0131m ve in\u015faat malzemelerin geli\u015fimi insan hayat\u0131n\u0131 son derece \u00f6nemli \u00f6l\u00e7\u00fcde etkilemektedir. MSM LONDON CONSTRUCTION olarak onlarca y\u0131ld\u0131r insanlar\u0131n daha huzurlu, mutlu ve sa\u011fl\u0131kl\u0131 ya\u015fay\u0131p y\u00fcksek refah seviyesinde hayat s\u00fcrmesi i\u00e7in \u00e7\u00f6z\u00fcmler sunmakta, bu \u00e7\u00f6z\u00fcmleri en kaliteli malzemeler ve son teknolojiyle birle\u015ftirerek en optimum se\u00e7ene\u011fi vermekten gurur duymaktay\u0131z.\u00a0 \u0130NG\u0130LTERE WARRINGTON \u2019 da yer alan merkezimizden t\u00fcm WARRINTON ve \u00e7evresinde s\u00fcrd\u00fcrd\u00fc\u011f\u00fcm\u00fcz hizmetleri MSM LONDON CONSTRUCTION \u00e7\u00f6z\u00fcmleri sat\u0131\u015f ve dan\u0131\u015fmanl\u0131k deste\u011fi ger\u00e7ekle\u015ftirmekteyiz.<\/p>\n<p><strong><span lang=\"TR\">Vizyonumuz<\/span><\/strong><\/p>\n<p><span lang=\"TR\">MSM London CONSTRUCT\u0130ON consulting olarak vizyonumuz, su ve \u00e7at\u0131 yal\u0131t\u0131m\u0131, d\u0131\u015f cephe yal\u0131t\u0131m hizmetleri, in\u015faat malzemeleri, uzman \u00e7at\u0131 dan\u0131\u015fmanl\u0131\u011f\u0131 ve garantili in\u015faat malzemeleri gibi hizmetleri sunmakt\u0131r. Bir di\u011fer vizyon hedefimiz, sadece WARR\u0130NGTON i\u00e7in de\u011fil, t\u00fcm \u00e7evre iller i\u00e7in sundu\u011fumuz uygulanabilir, en ekonomik \u00e7\u00f6z\u00fcmlerle in\u015faat ve yal\u0131t\u0131m sekt\u00f6r\u00fcndeki lider konumumuzu g\u00fc\u00e7lendirmektir.<\/span><\/p>\n<p><strong><span lang=\"TR\">Misyonumuz<\/span><\/strong><\/p>\n<p><span lang=\"TR\">Misyonumuz, m\u00fc\u015fterilerimizi, in\u015faat yal\u0131t\u0131m ve yal\u0131t\u0131m \u00fcr\u00fcnleri sat\u0131\u015f ve dan\u0131\u015fmanl\u0131k hizmeti veren tedarik\u00e7ilerimizi, yetenekli, deneyimli ve insan odakl\u0131 idari ve teknik personelimizi daha mutlu ve daha olumlu hale getirmek i\u00e7in in\u015faat ve yal\u0131t\u0131m end\u00fcstrisine teknolojinin sa\u011flad\u0131\u011f\u0131 f\u0131rsatlar\u0131 sunarak verimlili\u011fi artt\u0131rmakt\u0131r,<\/span>[\/vc_column_text][\/vc_column][\/vc_row][vc_row rt_row_background_width=&#8221;fullwidth&#8221; rt_row_content_width=&#8221;default&#8221; rt_row_style=&#8221;default-style&#8221; rt_row_height=&#8221;&#8221; rt_column_gaps=&#8221;&#8221; rt_row_shadows=&#8221;&#8221; rt_row_borders=&#8221;&#8221; rt_bg_effect=&#8221;classic&#8221; rt_bg_image_repeat=&#8221;repeat&#8221; rt_bg_size=&#8221;cover&#8221; rt_bg_position=&#8221;right top&#8221; rt_bg_attachment=&#8221;scroll&#8221; rt_bg_layer=&#8221;&#8221; rt_bg_video_format=&#8221;self-hosted&#8221;][vc_column rt_bg_effect=&#8221;classic&#8221; rt_bg_image_repeat=&#8221;repeat&#8221; rt_bg_size=&#8221;auto auto&#8221; rt_bg_position=&#8221;right top&#8221; rt_bg_attachment=&#8221;scroll&#8221;][vc_column_text]<\/p>\n\n\t\t<style type=\"text\/css\">\n\t\t\t#gallery-1 {\n\t\t\t\tmargin: auto;\n\t\t\t}\n\t\t\t#gallery-1 .gallery-item {\n\t\t\t\tfloat: left;\n\t\t\t\tmargin-top: 10px;\n\t\t\t\ttext-align: center;\n\t\t\t\twidth: 33%;\n\t\t\t}\n\t\t\t#gallery-1 img {\n\t\t\t\tborder: 2px solid #cfcfcf;\n\t\t\t}\n\t\t\t#gallery-1 .gallery-caption {\n\t\t\t\tmargin-left: 0;\n\t\t\t}\n\t\t\t\/* see gallery_shortcode() in wp-includes\/media.php *\/\n\t\t<\/style>\n\t\t<div id='gallery-1' class='gallery galleryid-46 gallery-columns-3 gallery-size-medium'><dl class='gallery-item'>\n\t\t\t<dt class='gallery-icon landscape'>\n\t\t\t\t<a href='https:\/\/msmlondon.co.uk\/wp-content\/uploads\/2021\/07\/MSM-LONDON-CONSTRUCTION-1.jpeg'><img width=\"300\" height=\"150\" src=\"https:\/\/msmlondon.co.uk\/wp-content\/uploads\/2021\/07\/MSM-LONDON-CONSTRUCTION-1-300x150.jpeg\" class=\"attachment-medium size-medium\" alt=\"\" decoding=\"async\" loading=\"lazy\" srcset=\"https:\/\/msmlondon.co.uk\/wp-content\/uploads\/2021\/07\/MSM-LONDON-CONSTRUCTION-1-300x150.jpeg 300w, https:\/\/msmlondon.co.uk\/wp-content\/uploads\/2021\/07\/MSM-LONDON-CONSTRUCTION-1-159x79.jpeg 159w, https:\/\/msmlondon.co.uk\/wp-content\/uploads\/2021\/07\/MSM-LONDON-CONSTRUCTION-1.jpeg 318w\" sizes=\"(max-width: 300px) 100vw, 300px\" \/><\/a>\n\t\t\t<\/dt><\/dl><dl class='gallery-item'>\n\t\t\t<dt class='gallery-icon landscape'>\n\t\t\t\t<a href='https:\/\/msmlondon.co.uk\/wp-content\/uploads\/2021\/07\/MSM-LONDON-CONSTRUCTION-6.jpeg'><img width=\"300\" height=\"212\" src=\"https:\/\/msmlondon.co.uk\/wp-content\/uploads\/2021\/07\/MSM-LONDON-CONSTRUCTION-6-300x212.jpeg\" class=\"attachment-medium size-medium\" alt=\"\" decoding=\"async\" loading=\"lazy\" srcset=\"https:\/\/msmlondon.co.uk\/wp-content\/uploads\/2021\/07\/MSM-LONDON-CONSTRUCTION-6-300x212.jpeg 300w, https:\/\/msmlondon.co.uk\/wp-content\/uploads\/2021\/07\/MSM-LONDON-CONSTRUCTION-6-350x247.jpeg 350w, https:\/\/msmlondon.co.uk\/wp-content\/uploads\/2021\/07\/MSM-LONDON-CONSTRUCTION-6.jpeg 700w\" sizes=\"(max-width: 300px) 100vw, 300px\" \/><\/a>\n\t\t\t<\/dt><\/dl><dl class='gallery-item'>\n\t\t\t<dt class='gallery-icon landscape'>\n\t\t\t\t<a href='https:\/\/msmlondon.co.uk\/wp-content\/uploads\/2021\/07\/MSM-LONDON-CONSTRUCTION-5.jpeg'><img width=\"300\" height=\"121\" src=\"https:\/\/msmlondon.co.uk\/wp-content\/uploads\/2021\/07\/MSM-LONDON-CONSTRUCTION-5-300x121.jpeg\" class=\"attachment-medium size-medium\" alt=\"\" decoding=\"async\" loading=\"lazy\" srcset=\"https:\/\/msmlondon.co.uk\/wp-content\/uploads\/2021\/07\/MSM-LONDON-CONSTRUCTION-5-300x121.jpeg 300w, https:\/\/msmlondon.co.uk\/wp-content\/uploads\/2021\/07\/MSM-LONDON-CONSTRUCTION-5-302x121.jpeg 302w, https:\/\/msmlondon.co.uk\/wp-content\/uploads\/2021\/07\/MSM-LONDON-CONSTRUCTION-5.jpeg 604w\" sizes=\"(max-width: 300px) 100vw, 300px\" \/><\/a>\n\t\t\t<\/dt><\/dl><br style=\"clear: both\" \/><dl class='gallery-item'>\n\t\t\t<dt class='gallery-icon landscape'>\n\t\t\t\t<a href='https:\/\/msmlondon.co.uk\/wp-content\/uploads\/2021\/07\/MSM-LONDON-CONSTRUCTION-4.jpeg'><img width=\"300\" height=\"138\" src=\"https:\/\/msmlondon.co.uk\/wp-content\/uploads\/2021\/07\/MSM-LONDON-CONSTRUCTION-4-300x138.jpeg\" class=\"attachment-medium size-medium\" alt=\"\" decoding=\"async\" loading=\"lazy\" srcset=\"https:\/\/msmlondon.co.uk\/wp-content\/uploads\/2021\/07\/MSM-LONDON-CONSTRUCTION-4-300x138.jpeg 300w, https:\/\/msmlondon.co.uk\/wp-content\/uploads\/2021\/07\/MSM-LONDON-CONSTRUCTION-4-768x353.jpeg 768w, https:\/\/msmlondon.co.uk\/wp-content\/uploads\/2021\/07\/MSM-LONDON-CONSTRUCTION-4-470x216.jpeg 470w, https:\/\/msmlondon.co.uk\/wp-content\/uploads\/2021\/07\/MSM-LONDON-CONSTRUCTION-4.jpeg 940w\" sizes=\"(max-width: 300px) 100vw, 300px\" \/><\/a>\n\t\t\t<\/dt><\/dl><dl class='gallery-item'>\n\t\t\t<dt class='gallery-icon landscape'>\n\t\t\t\t<a href='https:\/\/msmlondon.co.uk\/wp-content\/uploads\/2021\/07\/MSM-LONDON-CONSTRUCTION-3.jpeg'><img width=\"300\" height=\"199\" src=\"https:\/\/msmlondon.co.uk\/wp-content\/uploads\/2021\/07\/MSM-LONDON-CONSTRUCTION-3-300x199.jpeg\" class=\"attachment-medium size-medium\" alt=\"\" decoding=\"async\" loading=\"lazy\" srcset=\"https:\/\/msmlondon.co.uk\/wp-content\/uploads\/2021\/07\/MSM-LONDON-CONSTRUCTION-3-300x199.jpeg 300w, https:\/\/msmlondon.co.uk\/wp-content\/uploads\/2021\/07\/MSM-LONDON-CONSTRUCTION-3-277x184.jpeg 277w, https:\/\/msmlondon.co.uk\/wp-content\/uploads\/2021\/07\/MSM-LONDON-CONSTRUCTION-3.jpeg 555w\" sizes=\"(max-width: 300px) 100vw, 300px\" \/><\/a>\n\t\t\t<\/dt><\/dl><dl class='gallery-item'>\n\t\t\t<dt class='gallery-icon landscape'>\n\t\t\t\t<a href='https:\/\/msmlondon.co.uk\/wp-content\/uploads\/2021\/07\/MSM-LONDON-CONSTRUCTION-2.jpeg'><img width=\"300\" height=\"243\" src=\"https:\/\/msmlondon.co.uk\/wp-content\/uploads\/2021\/07\/MSM-LONDON-CONSTRUCTION-2-300x243.jpeg\" class=\"attachment-medium size-medium\" alt=\"\" decoding=\"async\" loading=\"lazy\" srcset=\"https:\/\/msmlondon.co.uk\/wp-content\/uploads\/2021\/07\/MSM-LONDON-CONSTRUCTION-2-300x243.jpeg 300w, https:\/\/msmlondon.co.uk\/wp-content\/uploads\/2021\/07\/MSM-LONDON-CONSTRUCTION-2-768x622.jpeg 768w, https:\/\/msmlondon.co.uk\/wp-content\/uploads\/2021\/07\/MSM-LONDON-CONSTRUCTION-2-494x400.jpeg 494w, https:\/\/msmlondon.co.uk\/wp-content\/uploads\/2021\/07\/MSM-LONDON-CONSTRUCTION-2.jpeg 988w\" sizes=\"(max-width: 300px) 100vw, 300px\" \/><\/a>\n\t\t\t<\/dt><\/dl><br style=\"clear: both\" \/>\n\t\t<\/div>\n\n<p>[\/vc_column_text][\/vc_column][\/vc_row]<\/p>\n","protected":false},"excerpt":{"rendered":"<p>[vc_row rt_row_background_width=&#8221;fullwidth&#8221; rt_row_content_width=&#8221;default&#8221; rt_row_style=&#8221;default-style&#8221; rt_row_height=&#8221;&#8221; rt_column_gaps=&#8221;&#8221; rt_row_shadows=&#8221;&#8221; rt_row_borders=&#8221;&#8221; rt_bg_effect=&#8221;classic&#8221; rt_bg_image_repeat=&#8221;repeat&#8221; rt_bg_size=&#8221;cover&#8221; rt_bg_position=&#8221;right top&#8221; rt_bg_attachment=&#8221;scroll&#8221; rt_bg_layer=&#8221;&#8221; rt_bg_video_format=&#8221;self-hosted&#8221;][vc_column rt_bg_effect=&#8221;classic&#8221; rt_bg_image_repeat=&#8221;repeat&#8221; rt_bg_size=&#8221;auto auto&#8221; rt_bg_position=&#8221;right top&#8221; rt_bg_attachment=&#8221;scroll&#8221;][vc_column_text]Hakk\u0131m\u0131zda Ge\u00e7mi\u015ften bu g\u00fcne insan ihtiya\u00e7lar\u0131n\u0131n kesintisiz kar\u015f\u0131lanmas\u0131 gereken bir d\u00fcnyada, artan ihtiya\u00e7larla birlikte geli\u015fen ve aktif olarak kullan\u0131lan yal\u0131t\u0131m ve in\u015faat malzemelerin geli\u015fimi insan hayat\u0131n\u0131 son derece \u00f6nemli \u00f6l\u00e7\u00fcde etkilemektedir. MSM LONDON [&hellip;]<\/p>\n","protected":false},"author":1,"featured_media":0,"parent":0,"menu_order":0,"comment_status":"closed","ping_status":"closed","template":"","meta":[],"_links":{"self":[{"href":"https:\/\/msmlondon.co.uk\/index.php\/wp-json\/wp\/v2\/pages\/46"}],"collection":[{"href":"https:\/\/msmlondon.co.uk\/index.php\/wp-json\/wp\/v2\/pages"}],"about":[{"href":"https:\/\/msmlondon.co.uk\/index.php\/wp-json\/wp\/v2\/types\/page"}],"author":[{"embeddable":true,"href":"https:\/\/msmlondon.co.uk\/index.php\/wp-json\/wp\/v2\/users\/1"}],"replies":[{"embeddable":true,"href":"https:\/\/msmlondon.co.uk\/index.php\/wp-json\/wp\/v2\/comments?post=46"}],"version-history":[{"count":2,"href":"https:\/\/msmlondon.co.uk\/index.php\/wp-json\/wp\/v2\/pages\/46\/revisions"}],"predecessor-version":[{"id":48,"href":"https:\/\/msmlondon.co.uk\/index.php\/wp-json\/wp\/v2\/pages\/46\/revisions\/48"}],"wp:attachment":[{"href":"https:\/\/msmlondon.co.uk\/index.php\/wp-json\/wp\/v2\/media?parent=46"}],"curies":[{"name":"wp","href":"https:\/\/api.w.org\/{rel}","templated":true}]}}